{"id":1506,"date":"2020-08-03T12:14:05","date_gmt":"2020-08-03T10:14:05","guid":{"rendered":"https:\/\/wirtschaftspost-online.de\/?page_id=1506"},"modified":"2020-08-04T08:59:58","modified_gmt":"2020-08-04T06:59:58","slug":"terminbox","status":"publish","type":"page","link":"https:\/\/wirtschaftspost-online.de\/?page_id=1506","title":{"rendered":"TerminBox"},"content":{"rendered":"\n<figure class=\"wp-block-image size-large\"><img loading=\"lazy\" decoding=\"async\" width=\"1024\" height=\"317\" src=\"https:\/\/wirtschaftspost-online.de\/wp-content\/uploads\/2020\/08\/Kalender-1024x317.jpg\" alt=\"\" class=\"wp-image-1551\" srcset=\"https:\/\/wirtschaftspost-online.de\/wp-content\/uploads\/2020\/08\/Kalender-1024x317.jpg 1024w, https:\/\/wirtschaftspost-online.de\/wp-content\/uploads\/2020\/08\/Kalender-300x93.jpg 300w, https:\/\/wirtschaftspost-online.de\/wp-content\/uploads\/2020\/08\/Kalender-768x238.jpg 768w, https:\/\/wirtschaftspost-online.de\/wp-content\/uploads\/2020\/08\/Kalender-650x202.jpg 650w, https:\/\/wirtschaftspost-online.de\/wp-content\/uploads\/2020\/08\/Kalender.jpg 1200w\" sizes=\"auto, (max-width: 1024px) 100vw, 1024px\" \/><\/figure>\n\n\n\n<p>Um Ihnen die Bekanntmachung Ihrer Seminarangebote, Veranstaltungstipps und sonstiger Events zu erleichtern, bieten wir Ihnen in der Wirtschaftspost diese Rubrik an. <br><br>Hier haben Sie kostenfrei die M\u00f6glichkeit, unsere Leser \u00fcber Ihre Events und Termine zu informieren oder \u00fcber Veranstaltungen, die Sie vielleicht wegen der Corona-Krise absagen oder verschieben mussten, in Kenntnis zu setzen.<\/p>\n\n\n\n<hr class=\"wp-block-separator\"\/>\n\n\n\n<p>        <\/p>\n\n\n\n<h2>Keine aktuellen Termine verf\u00fcgbar.<\/h2>\n","protected":false},"excerpt":{"rendered":"<p>Um Ihnen die Bekanntmachung Ihrer Seminarangebote, Veranstaltungstipps und sonstiger Events zu erleichtern, bieten wir Ihnen in der Wirtschaftspost diese Rubrik an. Hier haben Sie kostenfrei die M\u00f6glichkeit, unsere Leser \u00fcber Ihre Events und Termine zu informieren oder \u00fcber Veranstaltungen, die <a class=\"more-link\" href=\"https:\/\/wirtschaftspost-online.de\/?event=adventsstadt-quedlinburg-2024\">[ . . . ]<\/a><\/p>\n","protected":false},"author":1,"featured_media":0,"parent":0,"menu_order":0,"comment_status":"closed","ping_status":"closed","template":"","meta":{"footnotes":""},"class_list":["post-1506","page","type-page","status-publish","hentry"],"aioseo_notices":[],"_links":{"self":[{"href":"https:\/\/wirtschaftspost-online.de\/index.php?rest_route=\/wp\/v2\/pages\/1506","targetHints":{"allow":["GET"]}}],"collection":[{"href":"https:\/\/wirtschaftspost-online.de\/index.php?rest_route=\/wp\/v2\/pages"}],"about":[{"href":"https:\/\/wirtschaftspost-online.de\/index.php?rest_route=\/wp\/v2\/types\/page"}],"author":[{"embeddable":true,"href":"https:\/\/wirtschaftspost-online.de\/index.php?rest_route=\/wp\/v2\/users\/1"}],"replies":[{"embeddable":true,"href":"https:\/\/wirtschaftspost-online.de\/index.php?rest_route=%2Fwp%2Fv2%2Fcomments&post=1506"}],"version-history":[{"count":5,"href":"https:\/\/wirtschaftspost-online.de\/index.php?rest_route=\/wp\/v2\/pages\/1506\/revisions"}],"predecessor-version":[{"id":1552,"href":"https:\/\/wirtschaftspost-online.de\/index.php?rest_route=\/wp\/v2\/pages\/1506\/revisions\/1552"}],"wp:attachment":[{"href":"https:\/\/wirtschaftspost-online.de\/index.php?rest_route=%2Fwp%2Fv2%2Fmedia&parent=1506"}],"curies":[{"name":"wp","href":"https:\/\/api.w.org\/{rel}","templated":true}]}}