{"id":6354,"date":"2024-02-10T07:46:16","date_gmt":"2024-02-10T06:46:16","guid":{"rendered":"https:\/\/wirtschaftspost-online.de\/?page_id=6354"},"modified":"2024-10-03T11:30:23","modified_gmt":"2024-10-03T09:30:23","slug":"wipo-partnerin-landesenergieagentur-sachsen-anhalt-lena","status":"publish","type":"page","link":"https:\/\/wirtschaftspost-online.de\/?page_id=6354","title":{"rendered":"WIPO-Branchenblog: ENERGIE UND UMWELT"},"content":{"rendered":"\n<p>Der <strong>WIPO-Branchenblog ENERGIE UND UMWELT<\/strong> ist eine Antwort auf viele Fragen zum Themenkreis, um unseren Lesern eine strukturierte und zielgruppenorientierte Plattform mit interessanten Informationen anzubieten.<\/p>\n\n\n\n<p>Bitte schicken auch Sie uns Ihre News, damit wir sie an dieser Stelle f\u00fcr Sie ver\u00f6ffentlichen k\u00f6nnen.<\/p>\n\n\n\n<h2 class=\"wp-block-heading\">Zu den Inhalten:<\/h2>\n\n\n\n<p>Pressemitteilung der Landesenergieagentur ThEGA vom 23. Juli 2024:<br><a href=\"https:\/\/wirtschaftspost-online.de\/?p=7282\"><strong>Th\u00fcringen setzt weiter auf Solarenergie: Mehr als 12.600 Solaranlagen im ersten Halbjahr 2024 installiert<\/strong><\/a><\/p>\n\n\n<div class=\"wp-block-image\">\n<figure class=\"alignright size-large is-resized\"><img loading=\"lazy\" decoding=\"async\" width=\"1024\" height=\"682\" src=\"https:\/\/wirtschaftspost-online.de\/wp-content\/uploads\/2024\/05\/SAPERATEC-Werkseroeffnung-1024x682.jpg\" alt=\"\" class=\"wp-image-6956\" style=\"width:187px;height:auto\" srcset=\"https:\/\/wirtschaftspost-online.de\/wp-content\/uploads\/2024\/05\/SAPERATEC-Werkseroeffnung-1024x682.jpg 1024w, https:\/\/wirtschaftspost-online.de\/wp-content\/uploads\/2024\/05\/SAPERATEC-Werkseroeffnung-300x200.jpg 300w, https:\/\/wirtschaftspost-online.de\/wp-content\/uploads\/2024\/05\/SAPERATEC-Werkseroeffnung-768x512.jpg 768w, https:\/\/wirtschaftspost-online.de\/wp-content\/uploads\/2024\/05\/SAPERATEC-Werkseroeffnung-1536x1024.jpg 1536w, https:\/\/wirtschaftspost-online.de\/wp-content\/uploads\/2024\/05\/SAPERATEC-Werkseroeffnung-650x433.jpg 650w, https:\/\/wirtschaftspost-online.de\/wp-content\/uploads\/2024\/05\/SAPERATEC-Werkseroeffnung-1320x880.jpg 1320w, https:\/\/wirtschaftspost-online.de\/wp-content\/uploads\/2024\/05\/SAPERATEC-Werkseroeffnung.jpg 1772w\" sizes=\"auto, (max-width: 1024px) 100vw, 1024px\" \/><\/figure><\/div>\n\n\n<p>Pressemitteilung der IMG Sachsen-Anhalt vom 15. 05. 2024:<strong> <\/strong><br><strong><a href=\"https:\/\/wirtschaftspost-online.de\/?p=6955\">saperatec er\u00f6ffnet Werk zur Produktion von Folienkunststoff aus Verbundverpackungsabfall in Dessau Ro\u00dflau<\/a><\/strong><\/p>\n\n\n\n<p><\/p>\n\n\n\n<p>_________________________________________<br><\/p>\n\n\n\n<figure class=\"wp-block-image size-large is-resized\"><img loading=\"lazy\" decoding=\"async\" width=\"1024\" height=\"335\" src=\"https:\/\/wirtschaftspost-online.de\/wp-content\/uploads\/2023\/05\/Verbio_logo.svg_-1024x335.png\" alt=\"\" class=\"wp-image-4723\" style=\"width:221px;height:auto\" srcset=\"https:\/\/wirtschaftspost-online.de\/wp-content\/uploads\/2023\/05\/Verbio_logo.svg_-1024x335.png 1024w, https:\/\/wirtschaftspost-online.de\/wp-content\/uploads\/2023\/05\/Verbio_logo.svg_-300x98.png 300w, https:\/\/wirtschaftspost-online.de\/wp-content\/uploads\/2023\/05\/Verbio_logo.svg_-768x251.png 768w, https:\/\/wirtschaftspost-online.de\/wp-content\/uploads\/2023\/05\/Verbio_logo.svg_-650x212.png 650w, https:\/\/wirtschaftspost-online.de\/wp-content\/uploads\/2023\/05\/Verbio_logo.svg_.png 1200w\" sizes=\"auto, (max-width: 1024px) 100vw, 1024px\" \/><\/figure>\n\n\n\n<p><\/p>\n\n\n\n<p>Pressemitteilung vom 19. Juni 2024<br><a href=\"https:\/\/wirtschaftspost-online.de\/?p=7219\" target=\"_blank\" rel=\"noopener\" title=\"\"><strong><em>Verbio pr\u00e4sentiert gr\u00fcne L\u00f6sungen auf der Chemspec Europe 2024<\/em><\/strong><\/a><\/p>\n\n\n\n<p>Pressemitteilung vom 07. Juni 2024<br><a href=\"https:\/\/wirtschaftspost-online.de\/?p=7151\"><strong>Dekarbonisierung im LKW-G\u00fcterverkehr: BayWa setzt auf BioLNG von Verbio<\/strong><\/a><\/p>\n\n\n\n<p>Pressemitteilung vom 23. Mai 2024<br><a href=\"https:\/\/wirtschaftspost-online.de\/?p=7042\"><strong>Ausbau von South Bend Ethanol zur zweiten Verbio-Bioraffinerie in den USA<\/strong><\/a><\/p>\n\n\n\n<p>Pressemitteilung vom 14. 05. 2024:<strong> <\/strong><br><strong><a href=\"https:\/\/wirtschaftspost-online.de\/?p=6909\">Verbio macht Chemie gr\u00fcn \u2013 Baustart am Standort Bitterfeld f\u00fcr neue Anlage zur Herstellung biobasierter Spezialchemikalien<\/a><\/strong><\/p>\n\n\n\n<p><\/p>\n\n\n\n<p>__________________________________________________________<\/p>\n\n\n\n<figure class=\"wp-block-image size-full\"><img loading=\"lazy\" decoding=\"async\" width=\"219\" height=\"102\" src=\"https:\/\/wirtschaftspost-online.de\/wp-content\/uploads\/2020\/07\/tesvolt-logo.png\" alt=\"\" class=\"wp-image-1438\"\/><\/figure>\n\n\n\n<hr class=\"wp-block-separator has-alpha-channel-opacity\"\/>\n\n\n\n<p>Pressemitteilung vom 10.09. 2024<br><a href=\"https:\/\/wirtschaftspost-online.de\/?p=7438\"><strong>TESVOLT-Ausgr\u00fcndung stellt Meilenstein f\u00fcr saubere Schifffahrt vor<\/strong><\/a><\/p>\n\n\n\n<p>Pressemitteilung vom 2.07.2024:<\/p>\n\n\n\n<p>Lutherstadt Wittenberg, L\u00fcbeck, 10.9.2024 \u2013 TESVOLT, einer der Innovations- und Marktf\u00fchrer f\u00fcr gewerbliche und industrielle Energiespeicherl\u00f6sungen in Deutschland und Europa, meldet die Ausgr\u00fcndung von TESVOLT OCEAN. Die Unternehmenssparte TESVOLT Maritime Solutions schloss sich vergangene Woche mit Ocean Batteries aus Norwegen&nbsp;<a href=\"https:\/\/wirtschaftspost-online.de\/?p=7438\">[ . . . ]<\/a><\/p>\n\n\n\n<p><br><a href=\"https:\/\/wirtschaftspost-online.de\/?p=7263\" title=\"\"><strong>65 MWH-BATTERIESPEICHER-PARK: TESVOLT MELDET GR\u00d6SSTEN AUFTRAG IN SEINER UNTERNEHMENSGESCHICHTE<\/strong><\/a><\/p>\n\n\n\n<p>Lutherstadt Wittenberg, 02.07.2024 \u2013 TESVOLT, einer der Innovations- und Marktf\u00fchrer f\u00fcr gewerbliche und industrielle Energiespeicherl\u00f6sungen in Deutschland und Europa, meldet den bisher gr\u00f6\u00dften Auftrag in seiner Unternehmensgeschichte.&nbsp;<\/p>\n\n\n\n<p>Pressemitteilung vom 23.04.2024: <br><a href=\"https:\/\/wirtschaftspost-online.de\/?p=6855\"><strong>SMARTER E: TESVOLT PR\u00c4SENTIERT NEUEN OUTDOOR-BATTERIESPEICHER F\u00dcRS GEWERBE<\/strong><\/a><\/p>\n\n\n\n<p>Pressemitteilung vom 05.04.2024:<br><a href=\"https:\/\/wirtschaftspost-online.de\/?p=6786\"><strong>Spatenstich f\u00fcr den Bau der neuen TESVOLT GIGAFACTORY in Lutherstadt Wittenberg<\/strong><\/a><\/p>\n\n\n\n<hr class=\"wp-block-separator has-alpha-channel-opacity\"\/>\n\n\n\n<p>____________________________________________________________<\/p>\n\n\n\n<p><em><a href=\"https:\/\/wirtschaftspost-online.de\/?p=6887\" target=\"_blank\" rel=\"noopener\" title=\"\">Link zum Thema: <\/a><\/em><strong><em><a href=\"https:\/\/wirtschaftspost-online.de\/?p=6887\" target=\"_blank\" rel=\"noopener\" title=\"\"> Kabinett beschlie\u00dft am 16. April Akzeptanz- und Beteiligungsgesetz Sachsen-Anhalt <\/a><\/em><\/strong><\/p>\n\n\n\n<hr class=\"wp-block-separator has-alpha-channel-opacity\"\/>\n\n\n\n<p>____________________________________________________________<\/p>\n\n\n\n<hr class=\"wp-block-separator has-alpha-channel-opacity\"\/>\n\n\n<div class=\"wp-block-image\">\n<figure class=\"alignright size-full is-resized\"><img loading=\"lazy\" decoding=\"async\" width=\"567\" height=\"449\" src=\"https:\/\/wirtschaftspost-online.de\/wp-content\/uploads\/2024\/02\/lena.2020_logo_v2_basis.100_4c.png\" alt=\"\" class=\"wp-image-6396\" style=\"width:230px;height:auto\" srcset=\"https:\/\/wirtschaftspost-online.de\/wp-content\/uploads\/2024\/02\/lena.2020_logo_v2_basis.100_4c.png 567w, https:\/\/wirtschaftspost-online.de\/wp-content\/uploads\/2024\/02\/lena.2020_logo_v2_basis.100_4c-300x238.png 300w\" sizes=\"auto, (max-width: 567px) 100vw, 567px\" \/><\/figure><\/div>\n\n\n<p>Als produkt- und anbieterneutrale Landesgesellschaft steht die LENA den Unternehmen, Kommunen und Verbrauchern im Land rund um die Themen Energieeffizienz, Energieeinsparung, nachhaltige Energieversorgung und Ressourcenschonung mit Rat und Tat zur Seite.<br><\/p>\n\n\n\n<div style=\"height:4px\" aria-hidden=\"true\" class=\"wp-block-spacer\"><\/div>\n\n\n\n<p><strong>Ausgew\u00e4hlte LENA-Themen:<\/strong><\/p>\n\n\n<div class=\"wp-block-image\">\n<figure class=\"alignright size-large is-resized\"><img loading=\"lazy\" decoding=\"async\" width=\"819\" height=\"1024\" src=\"https:\/\/wirtschaftspost-online.de\/wp-content\/uploads\/2021\/04\/Marko-M\u00fchlstein-819x1024.jpg\" alt=\"\" class=\"wp-image-2443\" style=\"width:205px;height:auto\"\/><figcaption class=\"wp-element-caption\">LENA-Gesch\u00e4ftsf\u00fchrer <br>Marko M\u00fchlstein<\/figcaption><\/figure><\/div>\n\n\n<p>Link auf Beitrag vom Februar 2024: <br><a href=\"https:\/\/wirtschaftspost-online.de\/?p=6532\"><strong>Dessau-Ro\u00dflau erh\u00e4lt erneut European Energy Award (eea)<\/strong><\/a><\/p>\n\n\n\n<p>Link auf Beitrag und Flyer: <br><a href=\"https:\/\/wirtschaftspost-online.de\/?p=6340\" title=\"\"><strong>Landesenergieagentur Sachsen-Anhalt zum Thema \u201cEnergieeffizienz und Wirtschaftlichkeit in Unternehmen<\/strong>\u201d<\/a><a href=\"https:\/\/wirtschaftspost-online.de\/?p=6340\">&nbsp;<\/a><\/p>\n\n\n\n<p><a href=\"https:\/\/wirtschaftspost-online.de\/?page_id=6349\" target=\"_blank\" rel=\"noopener\" title=\"\">Link<strong> <\/strong>auf ein zeitloses Interview<strong> <\/strong>aus dem Jahr 2021 mit<strong> <\/strong><\/a><br><a href=\"https:\/\/wirtschaftspost-online.de\/?page_id=6349\" target=\"_blank\" rel=\"noopener\" title=\"\"><strong>LENA-Gesch\u00e4ftsf\u00fchrer Marko M\u00fchlstein<\/strong><\/a> <\/p>\n\n\n\n<p><strong>Link auf die LENA-Seite:<\/strong> <a href=\"http:\/\/www.lena.sachsen-anhalt.de\" target=\"_blank\" rel=\"noopener\" title=\"\">lena.sachsen-anhalt.de<\/a><\/p>\n\n\n\n<hr class=\"wp-block-separator has-alpha-channel-opacity\"\/>\n\n\n\n<p>____________________________________________________________<\/p>\n\n\n\n<hr class=\"wp-block-separator has-alpha-channel-opacity\"\/>\n\n\n\n<hr class=\"wp-block-separator has-alpha-channel-opacity\"\/>\n","protected":false},"excerpt":{"rendered":"<p>Der WIPO-Branchenblog ENERGIE UND UMWELT ist eine Antwort auf viele Fragen zum Themenkreis, um unseren Lesern eine strukturierte und zielgruppenorientierte Plattform mit interessanten Informationen anzubieten. Bitte schicken auch Sie uns Ihre News, damit wir sie an dieser Stelle f\u00fcr Sie <a class=\"more-link\" href=\"https:\/\/wirtschaftspost-online.de\/?page_id=6354\">[ . . . ]<\/a><\/p>\n","protected":false},"author":4,"featured_media":0,"parent":0,"menu_order":0,"comment_status":"closed","ping_status":"closed","template":"","meta":{"footnotes":""},"class_list":["post-6354","page","type-page","status-publish","hentry"],"aioseo_notices":[],"_links":{"self":[{"href":"https:\/\/wirtschaftspost-online.de\/index.php?rest_route=\/wp\/v2\/pages\/6354","targetHints":{"allow":["GET"]}}],"collection":[{"href":"https:\/\/wirtschaftspost-online.de\/index.php?rest_route=\/wp\/v2\/pages"}],"about":[{"href":"https:\/\/wirtschaftspost-online.de\/index.php?rest_route=\/wp\/v2\/types\/page"}],"author":[{"embeddable":true,"href":"https:\/\/wirtschaftspost-online.de\/index.php?rest_route=\/wp\/v2\/users\/4"}],"replies":[{"embeddable":true,"href":"https:\/\/wirtschaftspost-online.de\/index.php?rest_route=%2Fwp%2Fv2%2Fcomments&post=6354"}],"version-history":[{"count":53,"href":"https:\/\/wirtschaftspost-online.de\/index.php?rest_route=\/wp\/v2\/pages\/6354\/revisions"}],"predecessor-version":[{"id":7456,"href":"https:\/\/wirtschaftspost-online.de\/index.php?rest_route=\/wp\/v2\/pages\/6354\/revisions\/7456"}],"wp:attachment":[{"href":"https:\/\/wirtschaftspost-online.de\/index.php?rest_route=%2Fwp%2Fv2%2Fmedia&parent=6354"}],"curies":[{"name":"wp","href":"https:\/\/api.w.org\/{rel}","templated":true}]}}